d by t.
112
Suppose 267 = -56*l + 923 + 576. Calculate the remainder when 3604 is divided by l.
18
Suppose 416 = 5925*d - 5893*d. What is the remainder when 16312 is divided by d?
10
Suppose -228 = -p - 3*p. What is the remainder when p is divided by (3330/(-444))/(150/12*3/(-30))?
3
Suppose 11*t - 806 - 206 = 0. Suppose 0 = 6*x + 49 + 5. What is the remainder when t is divided by ((-48)/x)/((-1)/(-6))?
28
Let j(a) = 221*a - 10293. Calculate the remainder when j(59) is divided by 17.
9
Suppose 0 = -3*d + 5*n + 762, -39*n + 984 = 4*d - 35*n. Suppose -2*l = -10, l = 2*s - l. Calculate the remainder when d is divided by s.
4
What is the remainder when 518 is divided by (160/(-16)*31)/(-4 - -2)?
53
Let c be ((14 + -5)/(-9))/((-1)/209). Let i = -195 + c. What is the remainder when 124 is divided by i?
12
Let f(x) = 5*x + 7. Let d = -3599 + 3789. What is the remainder when d is divided by f(5)?
30
Let s(m) = 16*m - 5. Calculate the remainder when s(5) is divided by 82/6 - ((-10)/(-9))/((-275)/(-165)).
10
Let a be -3*((-152)/(-6))/(-1). Suppose 12*v = 188 + a. What is the remainder when 84 is divided by v?
18
Suppose -218 - 20 = -14*q. Suppose -4*x + 479 = -5*k, -2*x - 2*k = 153 - 379. Suppose 4*a = 5*a - x. What is the remainder when a is divided by q?
14
Calculate the remainder when 3243 is divided by (903/(-215))/(4 - (-646)/(-160)).
107
Let h = 60 - 36. Suppose 3*u - 4 = -g + h, 5*u = 2*g - 67. Suppose -4*o - 2*a = -248, 6*o - 8*o - 3*a + 128 = 0. Calculate the remainder when o is divided by g.
30
Suppose -35 = -4*k - 83. Let m be ((-15)/(-20))/((-1)/k). Suppose -17*a + 96 = -m*a. Calculate the remainder when 45 is divided by a.
9
Suppose -132 = -18*z - 24. What is the remainder when (-5)/20*-52 + z is divided by 6?
1
Let x(j) = 28*j - 253. Let l be x(13). Suppose 16 + 104 = 5*n. Suppose -5*o + c = -95 - n, -c + l = 5*o. What is the remainder when o is divided by 14?
9
Let v be -1 - 30/(-5) - 0. Let h(c) = c**3 - c**2 - 11*c - 3. What is the remainder when h(v) is divided by 22?
20
Let w(y) = 4*y + 52. Let k be w(-12). Suppose -4*u - 2*l + 219 = 3*l, 5*u - 284 = k*l. What is the remainder when u is divided by 27?
2
Let p = 3382 - 3315. What is the remainder when p is divided by 10?
7
Calculate the remainder when 558/6 + 48/6 is divided by 2/(((-12)/(-114))/2).
25
Let w(u) = -40*u + 1. Suppose -2*l + l = -0*l. Suppose -t - 1 = -l, 0 = z - 4*t - 21. What is the remainder when w(-2) is divided by z?
13
Let z = -138 - -142. Calculate the remainder when 3 is divided by ((-14)/(-4))/((-2)/(-4)) - z.
0
What is the remainder when 2606 is divided by (18 - 1710/75)/(3/(-10))?
14
Suppose -4*x + 5*t - t = -1032, -4*x = t - 1052. Suppose 272*a - x*a = 410. Calculate the remainder when a is divided by 7.
6
Suppose -5*b = 2*b - 4*b. Calculate the remainder when b + 27 + (0 - (3 - 3)) is divided by -14*(-1 - 1)/4.
6
Suppose 2*l - 5*z = 17 + 14, 0 = 5*l + z - 64. Calculate the remainder when 4067 is divided by l.
11
Suppose -2*m - 573 = -m + 4*a, m + 2*a + 581 = 0. Calculate the remainder when (m + 4)/(-9) + -1 + 2 is divided by 5.
1
Let h(g) = -304*g + 3327. Calculate the remainder when 4014 is divided by h(10).
283
Calculate the remainder when 9*3050/15*10/30 is divided by 99.
16
Suppose 577*u = 566*u + 132. What is the remainder when 692 is divided by u?
8
Let g(j) = j**2 - 3*j - 7. Let w be g(5). Suppose -c - 1 = -w, -c + 100 = 2*t. Suppose -339*l = -9102 + 4695. What is the remainder when t is divided by l?
10
Suppose 0 = -4*m + 316 + 16. Suppose -2*j + u + 185 = 47, j - m = -3*u. Let b = -469 - -487. What is the remainder when j is divided by b?
17
Let g(i) = i**2 - 13*i + 25. Suppose 5*s + 36 = 8*s. Let p be g(s). Suppose -p*m = -16*m + 168. Calculate the remainder when m is divided by 16.
8
Let o = 334 - 233. Suppose 2*z + o = 3*b, 3*b - 4*z = -6*z + 109. Let q = 191 + -179. What is the remainder when b is divided by q?
11
Let b = 152 + -41. Let z = 130 - b. What is the remainder when (-58)/(-2) + (-3)/3 is divided by z?
9
Let r(w) = -195*w + 468. What is the remainder when r(-2) is divided by 125?
108
Let a(b) = 8*b**3 + 7*b**2 - 36*b - 10. Calculate the remainder when 993 is divided by a(5).
8
Let a(y) = -y**2 + 3*y. Let l(p) = 6*p**2 - 13*p + 89. Let b(h) = 5*a(h) + l(h). What is the remainder when b(8) is divided by 47?
28
Let v = -9439 + 10251. Calculate the remainder when v is divided by 163.
160
Calculate the remainder when ((-1842)/4 - 0)/((-2703)/1802) is divided by 15.
7
Let r(s) = 3*s**2 - 12*s - 17. Suppose 279 = 18*m - 81. Suppose 4*y - m = 9*y. Calculate the remainder when r(y) is divided by 21.
16
Suppose 26 = -8*f - 18*f. Let l(t) = 31*t**2 - 8*t - 9. Calculate the remainder when 86 is divided by l(f).
26
Suppose -n + 1524 = 5*s, 5*n + 4*s - 2487 - 5175 = 0. Calculate the remainder when n is divided by 24.
22
Let k = 2315 + -2308. Let l = 50 - 24. Calculate the remainder when l is divided by k.
5
Suppose 4*g + 57 = f, 3*g - 7*g = -4*f + 72. Let s = g - -27. Let a(q) = -q**2 + 17*q - 30. What is the remainder when 70 is divided by a(s)?
10
What is the remainder when 252 is divided by (-2)/11 - (-3486)/(-231)*-2?
12
Suppose 4*f - 58 = -5*h, -2*h - 2*f - f = -19. Suppose h*j = 19*j - 830. Calculate the remainder when j is divided by 43.
37
Suppose -225*b - 5*t = -229*b + 336, -3*b + 5*t = -257. What is the remainder when b is divided by 6?
1
Suppose 0 = -5*l + y - 6*y, 0 = 4*l + 5*y. Suppose -560*i + 565*i - 90 = l. What is the remainder when 100/6*(-3 + 6) is divided by i?
14
Let u(m) = -m**2 + 6*m - 12. Let q be u(-14). What is the remainder when 33 is divided by (-7)/(-49) + q/(-14)?
12
Let y = -10609 - -10612. What is the remainder when 21 is divided by y?
0
Let a(c) = -11*c + 272. Let n = -428 + 450. What is the remainder when 137 is divided by a(n)?
17
Let j = 239 + -219. Calculate the remainder when 4517 is divided by j.
17
Suppose -9*a + 1688 = 1440 - 2902. What is the remainder when a is divided by 32?
30
Suppose 0 = -2*r + 4 + 48. Let j be (r/(-8) + 6/24)/(-1). Suppose 0 = 2*g + j*t - 24, -g + 2 = 5*t - 3. Calculate the remainder when 54 is divided by g.
9
Suppose -2910 = -6*y - 2724. Calculate the remainder when 75 is divided by y.
13
Let l be (-1 - 2)/((-4)/(-20)). Let v = -19 - -87. What is the remainder when v is divided by 5/l + (-715)/(-39)?
14
Let d(h) = -2*h**2 + 151*h - 1021. Calculate the remainder when 3451 is divided by d(65).
11
Suppose 75*o + 5220 = 45*o + 45*o. What is the remainder when o is divided by 334?
14
Let w be (10/20)/((-3)/18). Suppose 9*t - 320 = 4*t. Calculate the remainder when t is divided by 20 + w + -2 + -2 + 0.
12
Let x(j) be the first derivative of 4*j**3/3 + 5*j**2/2 - 5*j + 42. Calculate the remainder when 206 is divided by x(-3).
14
Suppose 4*g = 3*g + 4*a, -g = -2*a. Suppose 3*s - s = g. Suppose -5*p + s*p + 3*v = -57, -4*v = -p + 25. What is the remainder when 24 is divided by p?
6
Let r(h) = -h + 1. Let y be r(-9). Suppose -y*v + 7*v = -261. Suppose -54 = -7*f + 2. Calculate the remainder when v is divided by f.
7
Let l = 184 - 129. Let r = 237 - -145. What is the remainder when r is divided by l?
52
Let o(a) be the second derivative of 4*a**3/3 - a**2 + 40*a. Suppose -2*c + 2*f = -28, 70 + 24 = 5*c + 3*f. What is the remainder when o(4) is divided by c?
13
Let w = -171984 - -171995. What is the remainder when (-2)/(-8) + (-1838)/(-8) is divided by w?
10
Let w = -142 + 127. Let v = w - -39. Calculate the remainder when v is divided by 5.
4
Let f be (35/(-20))/((-2)/8). Suppose 2*r - 22 + 8 = 2*m, -4*r + f = 3*m. What is the remainder when 42 is divided by r?
2
Suppose 0 = 4*b - 9*b + 35. Let o = 46 - 18. Let y = 55 - o. Calculate the remainder when y is divided by b.
6
Let q = 1045 + -1029. Let r(f) = 7*f**2 + f - 9. Calculate the remainder when r(4) is divided by q.
11
Let w = -3619 - -4080. What is the remainder when w is divided by -3*1*3*55/(-15)?
32
Let c = -967 - -975. What is the remainder when 750 is divided by c?
6
Suppose -6*h + 1262 + 4360 = m, 3*h = -5*m + 2811. What is the remainder when h is divided by 14?
13
Let n = -1974 - -3337. Calculate the remainder when n is divided by 22.
21
Let d(k) = 59*k**2 - 6*k - 8. Let f(c) = -1. Let m(o) = d(o) - 4*f(o). What is the remainder 